4, 3*h - 3*p = p + 179. Suppose 5*c + h = -5*s, 3*c = 3*s + 2*s - 31. Calculate the remainder when 34 is divided by 0 - 1/(1/c).
10
Let f(w) = -w**2 + 6*w - 4. Let j = -16 - -19. Let h be f(j). Suppose l + h*s - 30 = 0, -30 = -5*l + 6*s - s. What is the remainder when 47 is divided by l?
7
Let o(v) = -v**2 - 9*v + 6. Let h be o(-9). Let b(d) = d**2 - 2*d + 4. Calculate the remainder when b(h) is divided by (15/(-4))/((-4)/16).
13
Let p = -50 - -63. What is the remainder when 113 is divided by p?
9
Suppose -4*d - 2819 = -939. What is the remainder when ((-16)/(-40))/((-4)/d) is divided by 16?
15
Let w(r) = 4*r - 11. What is the remainder when 51 is divided by w(8)?
9
Let t = 830 - 585. What is the remainder when t is divided by 62?
59
Suppose -g - 1846 = -4*w, 40*g = 44*g + 8. Calculate the remainder when w is divided by 149.
14
Suppose -42*q = -51*q + 8316. What is the remainder when q is divided by 25?
24
Let p(i) = -3*i**3 - 2*i + 1. Let w be p(2). Let t = w - -34. Let j = 16 - -2. What is the remainder when j is divided by t?
4
Suppose 3*k - 24 = -0*k. Let d(a) = 4*a + 11. What is the remainder when d(4) is divided by k?
3
Let a(y) = 14*y + 98. Calculate the remainder when a(48) is divided by 25.
20
Let c(w) be the third derivative of w**6/120 - w**5/10 + 7*w**3/6 - 2*w**2. Let s = -74 - -101. Calculate the remainder when s is divided by c(6).
6
Let k be (0 - -1) + (9 - (4 - -1)). Suppose -3*y - k*l = -20, -3*y + 75 = y - 3*l. What is the remainder when 73 is divided by y?
13
Let q = -4 - -15. Suppose u - 4 = -1. Suppose -u*z + 5*z = 14. What is the remainder when q is divided by z?
4
Suppose 0 = 5*w + 2*l - 10, -5*w - 1 + 6 = 3*l. Let g = 7 - w. Suppose -8 = g*h - 5*v, 6*h - 2*h - 8 = 2*v. Calculate the remainder when 9 is divided by h.
1
Let a = 104 + -106. Let f(o) = -12*o - 6. Calculate the remainder when 51 is divided by f(a).
15
Suppose -25*v - 26 = -26*v. Calculate the remainder when 26 is divided by 66/10 - v/(-65).
5
Let c = -14 + 36. Let n = 21 + -14. What is the remainder when c is divided by n?
1
Suppose -13*z + 42 = -205. Calculate the remainder when 265 is divided by z.
18
Let a = 6 - -207. Let k(t) = 2*t**2 + 26*t + 87. Calculate the remainder when a is divided by k(-3).
24
Suppose 49*r - 51*r = -302. Suppose -392 = -3*n + r. Calculate the remainder when n is divided by 46.
43
Calculate the remainder when 9 is divided by (-17 - -10)*(0 - 1).
2
Let l = 50 - 20. What is the remainder when l is divided by 4?
2
Let k = 32 + -32. Suppose k = -j + 5*j - 64. Calculate the remainder when 27 is divided by j.
11
Suppose -29 = -2*w + 5*g, 2*w - g - 14 = g. Suppose 3*x - 5 = t, x = 10*t - 5*t - 17. What is the remainder when x is divided by w?
1
Let r be ((-156)/(-8))/(-3)*394. Calculate the remainder when 1/2 + r/(-26) is divided by 25.
24
Let f(c) = -c**2 - 9*c + 14. Let p be f(-10). Let x be 21 + (-4)/p + 2. Suppose 38 = b - x. Calculate the remainder when b is divided by 21.
18
Let a(m) = -15*m - 16. Calculate the remainder when a(-3) is divided by 8.
5
Let t = -33 + 16. Let f = 7 - t. Suppose -223 = -3*m - 10. What is the remainder when m is divided by f?
23
Let b be 4/14 - 40/(-7). Let i(a) be the second derivative of a**4/12 - 2*a**3/3 + 9*a**2/2 + 3*a. What is the remainder when i(b) is divided by 11?
10
Let v = 84 + -80. Suppose 2*n - 6*n = 5*g - 29, n - 4*g = 2. Calculate the remainder when n is divided by v.
2
Let r = 270 - 141. Let t = r - 89. Calculate the remainder when t is divided by 15.
10
Suppose 3*b - 175 = -2*d, 0 = 2*b - 7*d + 2*d - 123. What is the remainder when 172 is divided by b?
54
Suppose 3*j - 3 = t, 2*t + 3*t + j - 1 = 0. Suppose t = 4*i - 12 - 20. Suppose -3*m = -i*m + 295. What is the remainder when m is divided by 15?
14
Suppose -63*w + 1394 = 19*w. What is the remainder when 89 is divided by w?
4
Let v be -2 + 125/(-20)*-4. Suppose 2*l - l = 2*y - 29, 0 = -5*l + 5. Let t = v - y. Calculate the remainder when 29 is divided by t.
5
What is the remainder when (2 + -7)/(38/(-304)) is divided by 13?
1
Suppose -3*d + 5*r = -397, -3*d + 406 = 2*r + 2*r. Let t(a) = 3*a**2 + 3*a - 9. Calculate the remainder when d is divided by t(3).
26
Calculate the remainder when 68 is divided by (-1 - 5/15)*45/(-2).
8
Suppose 4*v - 5*d - 88 = 0, -2*v + 11*d + 22 = 14*d. Let n(q) = -3*q - 5. Let z be n(-5). Let f = z + v. What is the remainder when f is divided by 14?
13
Let b be 28*((-1)/2 - -1). Suppose -4*p + 220 = 36. What is the remainder when p is divided by (-6)/(1*-3) + b?
14
Suppose 3*h - 30 = -2*h. Suppose 0 = 8*r - h*r - 30. Let n = -14 + 20. What is the remainder when r is divided by n?
3
Suppose -25*c = -152 - 23. Calculate the remainder when 69 is divided by c.
6
Let x(m) = -m**3 - 7*m**2 - 8*m - 20. Suppose -18 = 3*y + 6. What is the remainder when x(y) is divided by 28?
24
Let w be 8 + -4 + -5 - -6. Suppose 175 = 6*r - r + w*v, 3*v - 142 = -4*r. What is the remainder when r is divided by 20?
17
Let n = 8 - 18. Let y be (-5)/n + (-35)/(-2). What is the remainder when 130/y - (-6)/(-27) is divided by 4?
3
Let z(r) = -2*r - 1. Let v(h) = h**3 - 6*h**2 + 2*h - 10. Let d be v(6). Suppose -d*s = -3 - 7. Calculate the remainder when s is divided by z(-2).
2
Let y = -2722 - -2723. Suppose -j - 3*a + 18 = 4, 0 = -j + 3*a - 4. Suppose -6 = -j*k + 3*k. Calculate the remainder when k is divided by y.
0
Suppose -2*m + 5*z - 35 = -6*m, 5*m + 5*z = 50. Let r = m - 6. What is the remainder when (-39 - -42) + ((-31)/(-1) - 1) is divided by r?
6
Let h be -24 - (1 + 1) - -3 - -4. Let t be 1*3*38/3. Let c = h + t. What is the remainder when 35 is divided by c?
16
What is the remainder when 277 is divided by 124*(5 + 17/(-4))?
91
What is the remainder when 17 is divided by (3 + -6)/(2/(-6) - 0)?
8
Suppose 3*a + 12*u = 8*u + 441, -4*u - 417 = -3*a. Suppose 0 = 2*c + 15 - 87. Calculate the remainder when a is divided by c.
35
Suppose -2*j + 2 = r, -2*j - 5*r = -8 - 10. Let p = 22 - j. Calculate the remainder when (2 - 3)*(1 + -44) is divided by p.
20
Suppose 0 = -u + 1. Calculate the remainder when (-4)/24 - 326/(-12) is divided by u*3 + 1 + 3.
6
Let s(d) = 62*d + 6. Let w be s(-5). Let t = -175 - w. Suppose -5*g - t = -654. What is the remainder when g is divided by 27?
24
Suppose 2*f - 2*u = 106, 2*u = -1 + 5. What is the remainder when f is divided by 20?
15
Suppose 5*v - 69 + 4 = 0. Calculate the remainder when v is divided by 10.
3
Let q(m) = m**2 + 33*m - 54. What is the remainder when 206 is divided by q(-35)?
14
Let f(w) = -w**3 - w**2 + 6*w + 10. Let y(p) = p**3 + 4*p**2 + 3*p - 4. Let n be y(-3). What is the remainder when f(n) is divided by 12?
10
Let r(m) = -3*m**3 + 8*m + 7. Calculate the remainder when 314 is divided by r(-2).
14
Suppose -14 = k - 3*k. Suppose -k = 5*w - 97. What is the remainder when 53 is divided by w?
17
Let z = 748 - 319. Calculate the remainder when z is divided by 48.
45
Suppose 0 = -m - 0*p + 2*p + 9, 0 = -3*m + 2*p + 43. Calculate the remainder when (2/14)/((-15)/((-254520)/24)) is divided by m.
16
Suppose g + 1107 = 4*g. Suppose -11*n + 940 = -g. What is the remainder when n is divided by 24?
23
Let s(q) = -q**2 + 8*q + 4. Let n be s(8). Suppose 0 = -n*v - 0*v. Suppose v*f = f - 30. What is the remainder when 57 is divided by f?
27
Let l = 1839 + -1792. Calculate the remainder when l is divided by 31.
16
Suppose -y + 4 = -7. Let w(g) = g**2 - 14*g + 21. Suppose -r + 34 = -5*q, 0 = 4*r - 5*r - 3*q + 2. Calculate the remainder when w(r) is divided by y.
10
Let w = -26 - -26. Suppose 4*i - 96 = -w*i. Calculate the remainder when i is divided by 26/(-4*3/(-6)).
11
Let f(n) = n**3 + 7*n**2 - 8*n - 4. Suppose 4*m - s - 132 = -m, -4*s - 42 = -2*m. Calculate the remainder when f(-7) is divided by m.
25
Let q = -1470 - -2182. Calculate the remainder when q is divided by 11.
8
Let t be ((-78)/12 + 2)/((-3)/8). What is the remainder when (3/6 + 2)*t/2 is divided by 8?
7
Let b(r) = -r**2 - 15*r + 27. Calculate the remainder when b(-7) is divided by 24.
11
Calculate the remainder when 168 is divided by -3 - (-258)/90 - 677/(-15).
33
Suppose 0 = -7*c + 3*c + 4. Let z(n) = -n - 43. Let x(v) = 4. Let h(p) = 36*x(p) + 4*z(p). What is the remainder when h(-8) is divided by c?
0
Suppose 2*u = 4*o - 10, 3*u + 